3*x + 3. Let r be (-1)/((4/(-18))/((-18)/27)). Let m(v) = -v**2 - v - 4. Let b be m(r). What is the tens digit of h(b)?
7
Let p(r) = -25*r + 361. Let c be p(14). Suppose 8 = -7*v + c*v, -2*a = -2*v - 2046. What is the tens digit of a?
2
Let b(a) = 215 + a - a**3 - 112 + 11*a**2 - 108. What is the tens digit of b(5)?
5
Suppose 8*s - 4*o = 9*s + 9, 0 = 5*s - o - 18. What is the tens digit of (-4 - -3)*s - -566?
6
Let m = 80580 + -47321. What is the thousands digit of m?
3
Let t = 6549 - 4647. What is the thousands digit of t?
1
Let z(n) = 3*n - n**2 - 11 + 22*n + 0*n**2. Let a = 107 - 96. What is the hundreds digit of z(a)?
1
Suppose 52*f - 8294 = 23*f. What is the units digit of f?
6
Suppose 5*o - 89 = 5*p + 101, -2*p = -o + 36. Suppose -o*l - 12 = -41*l. Suppose -l*j = -j - 2508. What is the units digit of j?
8
What is the units digit of (0 + 1)*((4 - 10) + -1) + 20388?
1
Suppose 3*n = -a + 4024 + 1333, -16045 = -3*a + 4*n. What is the thousands digit of a?
5
Suppose 0 = -36*p + 33*p + 9. Suppose 3*w + 3435 = 4*r, -w = -p - 0. What is the units digit of r?
1
Suppose -23*u - 54143 = -1194989. What is the tens digit of u?
0
Suppose -5*h + 3*f + 13916 = 0, -76*f = 4*h - 79*f - 11134. What is the hundreds digit of h?
7
Suppose -14*w - 18755 + 56303 = 0. Suppose -6*r = -786 - w. What is the tens digit of r?
7
Let w = 1667 - 1664. Suppose 0*z - z + 1692 = 5*r, 5*z = r - 354. Suppose -6*n = -3*n + x - r, -w*x = 3*n - 345. What is the hundreds digit of n?
1
Suppose 5*p = 3*p - z + 14, -p - 3*z = -12. Suppose -4*g + 2*k = -p, -g = -3*g - 2*k - 6. Suppose g = -w - 4*w + 675. What is the tens digit of w?
3
Suppose 0 = 3*o + 2*z - 31447, -3*o + 11066 = -3*z - 20386. What is the units digit of o?
3
Let m(d) = 23*d**2 - 3*d + 1. Let w be m(1). Suppose -366 = -w*c + 726. What is the units digit of c?
2
Let r be (-6)/8 - (-42)/24. Let n(u) = 185*u**2 + 49*u - 49*u + r. What is the hundreds digit of n(1)?
1
Let q(w) be the second derivative of -5*w**2 + 0 - 7/3*w**3 + 4*w. What is the tens digit of q(-7)?
8
Suppose -2177 = l - 2181, -2*q + 5*l = -9384. What is the tens digit of q?
0
Suppose -2*d - 2*x = 2*x - 4238, 0 = -2*d - 2*x + 4238. What is the thousands digit of d?
2
Let u(x) = 2*x**3 - 23*x**2 + 13*x + 3. Let c be u(12). Suppose 0*z = 2*z - 5*d - 216, 0 = -3*z - 3*d + c. What is the tens digit of z?
0
Let q(v) = 852*v + 289. What is the ten thousands digit of q(14)?
1
Let o(g) be the first derivative of g**4/4 + 11*g**3/3 - 5*g**2/2 - 12*g + 37. Let c be 2 + -4 - (8 + 1). What is the units digit of o(c)?
3
Let u(s) = -961*s - 14. Let h be u(-2). Suppose 2*c - 2468 = -2*y, -2*c - h = -4*y + 3022. What is the hundreds digit of y?
2
Let z(o) be the third derivative of -o**6/120 + 3*o**5/10 - 7*o**4/24 + 5*o**3 + 3*o**2 + 6. What is the tens digit of z(17)?
0
Let z(b) = -182*b - 145. Let u(n) = -2*n**2 + 3. Let w be u(2). What is the hundreds digit of z(w)?
7
Let k(h) = 4*h**3 - 18*h**2 - 7*h + 4. Let v(c) = 5*c**3 - 19*c**2 - 8*c + 5. Let g = -91 - -86. Let s(l) = g*v(l) + 6*k(l). What is the tens digit of s(-14)?
2
Let a be ((-10)/(-20))/(2/(-212)). Let p = -49 - a. Let l(n) = 19*n. What is the tens digit of l(p)?
7
Let d(b) = 336*b - 3610. What is the tens digit of d(75)?
9
Let b(i) = -477*i + 10949. What is the units digit of b(-35)?
4
Suppose 103824 = -h + 6*h - 2*g, 4*g = -2*h + 41544. What is the tens digit of h?
6
Suppose 2*z + 4*t = -0*z - 42, 3*t + 64 = -4*z. Let a(u) = -u + 20. Let o be a(-10). Let q = o - z. What is the units digit of q?
3
Suppose -3*o - 2*s = -5428, o = 4*s - 0*s + 1828. Suppose 0 = 19*b - 13*b - o. What is the tens digit of b?
0
Suppose 0 = 10*x - 8*x - 302. Suppose -o + 0*o + 3*g = -x, 5*g + 461 = 3*o. What is the units digit of o?
7
Let u(a) = -a**3 + 9*a**2 + 10*a + 2. Let c be u(10). Let g be (-4)/16 - (165/(-4) - c). Let t = g - 16. What is the tens digit of t?
2
Suppose 5*z = -4*z + 5616. What is the hundreds digit of -6 - z/(0 - 2)?
3
Suppose 1086*u - 1080*u = 31602. What is the thousands digit of u?
5
Suppose -4*p - 230 = 5*s, 52 = -p - s - 3*s. Let w = 47 + p. Let c = 93 + w. What is the units digit of c?
0
Let d = -3879 + 14489. What is the ten thousands digit of d?
1
Suppose 2*p = -31*p + 7400 + 6658. What is the tens digit of p?
2
Let l(q) = 108*q - 140. Suppose 3*t - 2*k - 46 = -4, 4*k + 60 = 4*t. What is the tens digit of l(t)?
5
Let r(m) = m**2 - m + 7. Let z = 67 - 74. Let a be (1 + (-4 - -4))*z. What is the tens digit of r(a)?
6
Suppose -5*k = 5*v + 2580, 27 = -5*k + 2. Let d = v + 875. What is the hundreds digit of d?
3
Let a(u) = -2*u**2 + 7*u - 3. Let g be a(3). Suppose 3*d + 12 = g, -5*d - 45 - 59 = -v. Let r = v + 123. What is the tens digit of r?
0
Let o be 26/195 - (-3853)/15. Suppose 0 = 4*n, -n - o = -2*i + 13. Suppose -5*c - 4*a = -229, 3*c + 0*a + 3*a = i. What is the units digit of c?
9
Let p(b) = 2*b + 0*b - 9*b + 104*b**2 + 12*b. What is the units digit of p(-3)?
1
Suppose p - 2*t = 75823, -225*t + 230*t + 151639 = 2*p. What is the ten thousands digit of p?
7
Suppose 110*h + 6 = 112*h. Suppose 4*r - 511 = -h*i + 494, 0 = 5*r. What is the tens digit of i?
3
Let j(g) = -g**3 + 72*g**2 - 188*g - 6. What is the units digit of j(18)?
6
Suppose -5 = v, 7*s - 11*s = -4*v - 69796. What is the hundreds digit of s?
4
Let y(r) be the second derivative of 64*r**3/3 + 3*r**2 + 13*r. Let v(x) = -43*x - 2. Let t(u) = -8*v(u) - 3*y(u). What is the tens digit of t(-3)?
1
Let r be (-1 - 3) + 6/((-6)/(-7)). Suppose -d + 3*d + 3*a = 767, -5*d + 1904 = r*a. Let l = d - 188. What is the hundreds digit of l?
1
Suppose -93*x + 123*x - 2009220 = 0. What is the thousands digit of x?
6
Suppose 8 = -3*t + r, 3 = -t + 2*r - 8. Let p be t/(-4) - 12/(-16). What is the tens digit of -1*(p/(-7) - (-2336)/(-14))?
6
Let d(i) = -53*i**3 + 14*i**2 - 43*i - 70. What is the thousands digit of d(-8)?
8
Let c be (-1 + (-33)/(-15))*(-10)/4. Let a be ((-99)/27 - 2/c)*93. Let f = a - -517. What is the hundreds digit of f?
2
Let u = 5954 - -271. What is the hundreds digit of u?
2
What is the thousands digit of 29 + 15474 + -15 + 0?
5
Suppose 915 = 3*n + n + 3*w, 2*n - 465 = -3*w. What is the units digit of 45/n + ((-98)/(-10) - -1)?
1
Suppose -11034 = -3*y + 9*t, 7400 = 2*y - 24*t + 29*t. What is the tens digit of y?
9
Let d be -2 + 2 + (-7 - -11). Suppose d*a - 27 - 6 = -5*n, -18 = -4*n + a. Suppose n*r + 2 - 32 = 0. What is the units digit of r?
6
Suppose 0 = 4*t + 5*q - 13794, -3*t - q + 10773 - 433 = 0. What is the tens digit of t?
4
What is the hundreds digit of 16 + 141*987/7?
8
Suppose 365*y = 328*y + 456654. What is the units digit of y?
2
Suppose -5*o + 4427 + 5003 = -3*m, 3*o - 5644 = -m. Suppose -4*d + o = 3*d. What is the units digit of d?
9
Let a be 1840/(-18) - (-2)/9. Let s = 923 - 901. Let j = s - a. What is the hundreds digit of j?
1
Let x = -63613 + 94384. What is the ten thousands digit of x?
3
Let p(k) = -6*k + 66. Let h(x) = -2*x + 3. Let q be h(5). Let t be 24/(-84) + 40/q. What is the hundreds digit of p(t)?
1
Let r be (-1 - -4) + 8/4. Suppose r*f - 40 = -t - 2*t, -3*f + 57 = 4*t. Suppose -13*b - 190 = -t*b. What is the units digit of b?
5
Let k(d) = -7*d**3 + 2*d**2 - 7*d - 13. Let g be k(-2). Suppose -629 = -3*f - g. What is the hundreds digit of f?
1
Let w(j) = -20. Let y(n) = 7. Let g(i) = 6*w(i) + 17*y(i). Let a(x) = x + 20. Let l(c) = a(c) - 6*g(c). What is the tens digit of l(-6)?
2
Let b(v) = v**2 + 0*v**2 - 47 + 18 + 0*v**2. Let p(a) = -2*a + 50. Let u be p(31). What is the tens digit of b(u)?
1
Suppose 9*u - u - 4*g = 6068, -2*g - 1512 = -2*u. What is the units digit of u?
1
Let v = 885 - -2234. What is the tens digit of v?
1
Let b be 37416/21 - ((-8)/(-7))/(-4). Let c = b + -1059. What is the units digit of c?
3
Let z(p) = 110*p + 1. Let m be z(4). Suppose 14 - 23 = -3*a. Suppose m = 4*u + a*u. What is the units digit of u?
3
Suppose p - 4536 + 190 = -y, -4*y = -4*p + 17384. What is the units digit of p?
6
Let v = 572 - -1861. What is the units digit of v?
3
What is the units digit of ((-78110)/(-14))/(269/1883)?
5
Suppose 2*p + 3*l + 105 = -81, -2*l = 0. Let j = 89 + p. What is the hundreds digit of -3 - (-161 - 8/j - 0)?
1
Suppose -x + 5*j = -4 - 1, 0 = 4*x - 5*j - 5. Suppose 5*t + z + x*z = 5, t - z